git of 810269383?
6
What is the hundred millions digit of 5965971677?
9
What is the ten thousands digit of 204461535?
6
What is the millions digit of 190289723?
0
What is the thousands digit of 629583590?
3
What is the hundred millions digit of 168895546?
1
What is the hundred thousands digit of 295250382?
2
What is the hundreds digit of 10979715?
7
What is the hundred millions digit of 1472820770?
4
What is the thousands digit of 3149815856?
5
What is the ten thousands digit of 12311842?
1
What is the hundred thousands digit of 80369484?
3
What is the hundred millions digit of 1571695645?
5
What is the units digit of 347310478?
8
What is the tens digit of 1101053306?
0
What is the hundreds digit of 57254889?
8
What is the units digit of 39408548?
8
What is the ten thousands digit of 1334596236?
9
What is the ten millions digit of 18631858?
1
What is the tens digit of 264588704?
0
What is the tens digit of 970873387?
8
What is the hundreds digit of 184186603?
6
What is the ten millions digit of 98699893?
9
What is the millions digit of 767853006?
7
What is the billions digit of 3862800608?
3
What is the tens digit of 21837559?
5
What is the ten millions digit of 859707710?
5
What is the ten millions digit of 361688806?
6
What is the units digit of 649359447?
7
What is the hundred millions digit of 1971384525?
9
What is the hundred thousands digit of 3148755881?
7
What is the ten millions digit of 351097360?
5
What is the units digit of 205769655?
5
What is the ten thousands digit of 7518762?
1
What is the thousands digit of 31357106?
7
What is the thousands digit of 2003173561?
3
What is the ten thousands digit of 100458827?
5
What is the units digit of 217118031?
1
What is the tens digit of 59443093?
9
What is the thousands digit of 37504281?
4
What is the millions digit of 119174126?
9
What is the ten thousands digit of 1354535935?
3
What is the ten thousands digit of 621540805?
4
What is the tens digit of 249112912?
1
What is the tens digit of 3851633412?
1
What is the hundred millions digit of 2009569600?
0
What is the thousands digit of 2079760324?
0
What is the thousands digit of 937394?
7
What is the hundred thousands digit of 6350219070?
2
What is the thousands digit of 122029913?
9
What is the hundred thousands digit of 189257424?
2
What is the hundred thousands digit of 41064741?
0
What is the hundred millions digit of 3738794929?
7
What is the units digit of 129690468?
8
What is the units digit of 15120632?
2
What is the thousands digit of 1064666803?
6
What is the thousands digit of 218084683?
4
What is the hundred thousands digit of 4849910092?
9
What is the thousands digit of 62693564?
3
What is the tens digit of 14156031?
3
What is the hundreds digit of 5609048209?
2
What is the hundred thousands digit of 212100242?
1
What is the millions digit of 645081649?
5
What is the millions digit of 49375340?
9
What is the thousands digit of 37678643?
8
What is the ten thousands digit of 526798307?
9
What is the ten thousands digit of 21278365?
7
What is the hundred thousands digit of 255954223?
9
What is the millions digit of 68057276?
8
What is the ten millions digit of 107172854?
0
What is the thousands digit of 1937033018?
3
What is the tens digit of 33398230?
3
What is the hundreds digit of 4619469903?
9
What is the millions digit of 6801936356?
1
What is the thousands digit of 597997179?
7
What is the hundred thousands digit of 146655044?
6
What is the units digit of 241655852?
2
What is the millions digit of 39797194?
9
What is the hundreds digit of 333606924?
9
What is the millions digit of 296867412?
6
What is the hundred thousands digit of 1496077621?
0
What is the thousands digit of 522986391?
6
What is the units digit of 105151990?
0
What is the units digit of 107903851?
1
What is the thousands digit of 253698128?
8
What is the ten thousands digit of 34788938?
8
What is the ten millions digit of 14460985?
1
What is the millions digit of 529903720?
9
What is the ten millions digit of 1645191585?
4
What is the hundreds digit of 169733640?
6
What is the ten thousands digit of 6323430462?
3
What is the ten thousands digit of 82228415?
2
What is the tens digit of 268789352?
5
What is the hundred millions digit of 1235648189?
2
What is the hundreds digit of 66838763?
7
What is the millions digit of 222302875?
2
What is the hundred millions digit of 178940597?
1
What is the hundreds digit of 4569473765?
7
What is the thousands digit of 314939496?
9
What is the ten thousands digit of 776275725?
7
What is the units digit of 2847546257?
7
What is the thousands digit of 68761105?
1
What is the thousands digit of 20959470?
9
What is the billions digit of 7719702678?
7
What is the hundred thousands digit of 2054717683?
7
What is the thousands digit of 308200887?
0
What is the units digit of 448424392?
2
What is the tens digit of 633086552?
5
What is the hundred millions digit of 2047712271?
0
What is the units digit of 440943570?
0
What is the ten thousands digit of 541989724?
8
What is the tens digit of 78879048?
4
What is the ten thousands digit of 155671660?
7
What is the ten thousands digit of 7881627?
8
What is the ten millions digit of 26928883?
2
What is the ten millions digit of 1003212653?
0
What is the tens digit of 548015462?
6
What is the hundreds digit of 749494706?
7
What is the tens digit of 863123005?
0
What is the ten millions digit of 1749818624?
4
What is the units digit of 40344096?
6
What is the hundred thousands digit of 142400140?
4
What is the units digit of 424282735?
5
What is the hundreds digit of 1190272141?
1
What is the ten millions digit of 96524043?
9
What is the millions digit of 2749944639?
9
What is the thousands digit of 5596068065?
8
What is the units digit of 964410048?
8
What is the units digit of 36058463?
3
What is the thousands digit of 84917635?
7
What is the tens digit of 618030718?
1
What is the thousands digit of 76045212?
5
What is the tens digit of 142236138?
3
What is the ten thousands digit of 72631686?
3
What is the units digit of 118136159?
9
What is the thousands digit of 169956367?
6
What is the hundreds digit of 34434257?
2
What is the hundred thousands digit of 2721829659?
8
What is the millions digit of 5131220088?
1
What is the tens digit of 133829851?
5
What is the ten thousands digit of 2281994844?
9
What is the ten thousands digit of 66576759?
7
What is the units digit of 668370100?
0
What is the ten thousands digit of 1689962421?
6
What is the units digit of 2807362561?
1
What is the thousands digit of 1741228715?
8
What is the millions digit of 1300463453?
0
What is the tens digit of 12507032?
3
What is the hundreds digit of 3494877244?
2
What is the hundred thousands digit of 555490579?
4
What is the hundreds digit of 1930334?
3
What is the ten thousands digit of 571399064?
9
What is the units digit of 2263613156?
6
What is the units digit of 199553202?
2
What is the tens digit of 27412020?
2
What is the ten thousands digit of 99202296?
0
What is the tens digit of 52568786?
8
What is the tens digit of 78062934?
3
What is the ten thousands digit of 117880464?
8
What is the ten thousands digit of 24081117?
8
What is the ten thousands digit of 236496195?
9
What is the hundreds digit of 198253589?
5
What is the units digit of 694870843?
3
What is the hundred millions digit of 1357336531?
3
What is the hundreds digit of 598934894?
8
What is the tens digit of 25665104?
0
What is the hundred millions digit of 385411763?
3
What is the units digit of 1086286950?
0
What is the ten thousands digit of 69868447?
6
What is the tens digit of 368903297?
9
What is the units digit of 69559733?
3
What is the hundred millions digit of 839010032?
8
What is the thousands digit of 56413453?
3
What is the billions digit of 2544509318?
2
What is the ten millions digit of 65619291?
6
What is the units digit of 161504969?
9
What is the units digit of 6093569081?
1
What is the hundred millions digit of 119822257?
1
What is the hundred thousands digit of 29093604?
0
What is the hundred thousands digit of 3171142008?
1
What is the ten thousands digit of 947642211?
4
What is the ten millions digit of 89053658?
8
What is the hundreds digit of 174735792?
7
What is the billions digit of 3650669868?
3
What